{"id":3,"date":"2023-04-27T21:39:00","date_gmt":"2023-04-27T21:39:00","guid":{"rendered":"http:\/\/curiquinguetv.com\/?page_id=3"},"modified":"2023-06-22T23:03:00","modified_gmt":"2023-06-22T23:03:00","slug":"politica-privacidad","status":"publish","type":"page","link":"https:\/\/curiquinguetv.com\/?page_id=3","title":{"rendered":""},"content":{"rendered":"\n<h2 class=\"wp-block-heading\">Qui\u00e9nes somos<\/h2>\n\n\n\n<p>CURIQUINGUE TV aparece a finales del a\u00f1o 2019, realizando transmisiones en vivo en importantes plataformas digitales, al pasar el tiempo el crecimiento del medio de comunicaci\u00f3n obliga a la apertura en Atv cable canal 83 cubriendo los cantones de Latacunga, Pujil\u00ed y Saquisil\u00ed en 19 de junio 2020 pasa un a\u00f1o cuatro meses y se le brinda la oportunidad de incrementar su se\u00f1al al cant\u00f3n Salcedo y el norte de Ambato en CB visi\u00f3n en el canal 79 y 1 de enero de 2022 en los cantones de la Man\u00e1, Valencia y Quevedo. Siendo un canal que llega a la mayor\u00eda de cantones de la provincia de Cotopaxi cumpliendo con los objetivos del medio de comunicaci\u00f3n Curiquingue Tv.<\/p>\n\n\n\n<figure class=\"wp-block-image size-full\"><img loading=\"lazy\" decoding=\"async\" width=\"434\" height=\"158\" src=\"http:\/\/curiquinguetv.com\/wp-content\/uploads\/2023\/04\/cropped-logo.png\" alt=\"\" class=\"wp-image-16\" srcset=\"https:\/\/curiquinguetv.com\/wp-content\/uploads\/2023\/04\/cropped-logo.png 434w, https:\/\/curiquinguetv.com\/wp-content\/uploads\/2023\/04\/cropped-logo-300x109.png 300w\" sizes=\"auto, (max-width: 434px) 100vw, 434px\" \/><\/figure>\n\n\n\n<h2 class=\"wp-block-heading\">Visi\u00f3n<\/h2>\n\n\n\n<p>CURIQUINGUE TV nace en Ecuador, provincia de Cotopaxi, ciudad de Latacunga. A finales del a\u00f1o 2019, se visiona este proyecto con el objetivo de crear una nueva manera de hacer televisi\u00f3n. Desde entonces su fundador Oscar Mart\u00ednez Vaca trabaj\u00f3 en este proyecto arduamente con un equipo de profesionales seleccionados, realizando transmisiones en vivo en importantes plataformas digitales. Este medio de comunicaci\u00f3n alternativo crece con esfuerzo a pasos agigantados y es as\u00ed que el 19 de junio del a\u00f1o 2020 pensando y direccionado a su target televisivo decide que Atv cable es el lugar elegido para que el canal 83 llevara nombre y programaci\u00f3n.<\/p>\n\n\n\n<h2 class=\"wp-block-heading\">Misi\u00f3n<\/h2>\n\n\n\n<p>CURIQUINGUE TV tiene como misi\u00f3n crear una nueva manera de hacer televisi\u00f3n. Generando contenido de calidad para sus usuarios y fuentes de trabajo para sus colaboradores. Esta empresa Latacungue\u00f1a busca hacer historia en la ciudad, la provincia, el pa\u00eds y el mundo. Dejando un legado de credibilidad, responsabilidad y buena informaci\u00f3n. As\u00ed como tambi\u00e9n un espacio laboral con esencia familiar para todos y cada uno de sus integrantes impuls\u00e1ndolos a crecer.<\/p>\n\n\n<div class=\"wp-block-image\">\n<figure class=\"aligncenter size-full is-resized\"><img loading=\"lazy\" decoding=\"async\" src=\"https:\/\/curiquinguetv.com\/wp-content\/uploads\/2023\/06\/images-4.jpeg\" alt=\"\" class=\"wp-image-285\" width=\"621\" height=\"347\"\/><\/figure>\n<\/div>\n\n\n<figure class=\"wp-block-embed is-type-wp-embed is-provider-incrustado wp-block-embed-incrustado\"><div class=\"wp-block-embed__wrapper\">\n<blockquote class=\"wp-embedded-content\" data-secret=\"WmcLX5MGaZ\"><a href=\"https:\/\/curiquinguetv.com\/?page_id=3\"><\/a><\/blockquote><iframe loading=\"lazy\" class=\"wp-embedded-content\" sandbox=\"allow-scripts\" security=\"restricted\" style=\"position: absolute; visibility: hidden;\" title=\"&#8220;&#8221; &#8212; Curiquingue Tv\" src=\"https:\/\/curiquinguetv.com\/?page_id=3&#038;embed=true#?secret=zqv1xuQ2ir#?secret=WmcLX5MGaZ\" data-secret=\"WmcLX5MGaZ\" width=\"600\" height=\"338\" frameborder=\"0\" marginwidth=\"0\" marginheight=\"0\" scrolling=\"no\"><\/iframe>\n<\/div><\/figure>\n","protected":false},"excerpt":{"rendered":"<p>Qui\u00e9nes somos CURIQUINGUE TV aparece a finales del a\u00f1o 2019, realizando transmisiones en vivo en<\/p>\n","protected":false},"author":1,"featured_media":0,"parent":0,"menu_order":0,"comment_status":"closed","ping_status":"open","template":"","meta":{"om_disable_all_campaigns":false,"_monsterinsights_skip_tracking":false,"_monsterinsights_sitenote_active":false,"_monsterinsights_sitenote_note":"","_monsterinsights_sitenote_category":0,"_uf_show_specific_survey":0,"_uf_disable_surveys":false,"footnotes":""},"class_list":["post-3","page","type-page","status-publish","hentry"],"aioseo_notices":[],"_links":{"self":[{"href":"https:\/\/curiquinguetv.com\/index.php?rest_route=\/wp\/v2\/pages\/3","targetHints":{"allow":["GET"]}}],"collection":[{"href":"https:\/\/curiquinguetv.com\/index.php?rest_route=\/wp\/v2\/pages"}],"about":[{"href":"https:\/\/curiquinguetv.com\/index.php?rest_route=\/wp\/v2\/types\/page"}],"author":[{"embeddable":true,"href":"https:\/\/curiquinguetv.com\/index.php?rest_route=\/wp\/v2\/users\/1"}],"replies":[{"embeddable":true,"href":"https:\/\/curiquinguetv.com\/index.php?rest_route=%2Fwp%2Fv2%2Fcomments&post=3"}],"version-history":[{"count":2,"href":"https:\/\/curiquinguetv.com\/index.php?rest_route=\/wp\/v2\/pages\/3\/revisions"}],"predecessor-version":[{"id":286,"href":"https:\/\/curiquinguetv.com\/index.php?rest_route=\/wp\/v2\/pages\/3\/revisions\/286"}],"wp:attachment":[{"href":"https:\/\/curiquinguetv.com\/index.php?rest_route=%2Fwp%2Fv2%2Fmedia&parent=3"}],"curies":[{"name":"wp","href":"https:\/\/api.w.org\/{rel}","templated":true}]}}